 13. What is b(2)?
249
Let l(c) = -4*c**3 + 294*c**2 - 147*c - 19. Give l(73).
-92
Let c(k) = -9*k**3 + 97*k**2 - 14*k + 398. Determine c(11).
2
Let k(r) = 3*r**3 + 56*r**2 - 19*r - 12. Calculate k(-19).
-12
Let a(m) = 1151*m + 2300. Give a(-2).
-2
Let v(w) = w**2 + 145*w + 5083. Calculate v(-86).
9
Let v(t) = t**3 + 42*t**2 + 81*t + 130. Calculate v(-40).
90
Let j(u) = -u**2 - 196*u + 13170. Give j(53).
-27
Let f(n) = -6*n**2 + n + 30. Give f(5).
-115
Let o(r) = 2*r**3 - 32*r**2 + 123*r - 1407. Calculate o(15).
-12
Let r(x) = 145*x - 7252. Calculate r(50).
-2
Let k(p) = 264*p + 1721. What is k(-7)?
-127
Let y(j) = -8*j**2 - 6*j + 4. Determine y(1).
-10
Let z(n) = -1546*n - 1544. Determine z(-1).
2
Let s(v) = v**2 + 13131*v + 78753. Give s(-6).
3
Let l(g) = -g**2 + 72*g - 1183. Calculate l(23).
-56
Let y(u) = 20*u**2 - 150*u - 727. Determine y(-5).
523
Let v(q) = 84*q + 1437. Give v(-15).
177
Let y(v) = -v**3 + 58*v**2 + 119*v + 65. Determine y(60).
5
Let q(w) = -58*w**2 + 6*w + 12. Calculate q(-2).
-232
Let p(l) = -86*l - 663. Give p(-8).
25
Let f(t) = t**2 + 24*t + 6. Calculate f(-13).
-137
Let f(b) = 71*b - 659. Determine f(7).
-162
Let d(l) = l**3 - 18*l**2 + 53*l - 94. Give d(15).
26
Let b(d) = -d**3 - 55*d**2 - 55*d + 91. What is b(-54)?
145
Let r(y) = y**2 - 8*y - 53. Give r(14).
31
Let q(m) = -m**2 - 127*m + 1254. Determine q(11).
-264
Let l(k) = 2*k**2 - 16382*k - 65552. Calculate l(-4).
8
Let q(y) = -3*y**2 - 10*y - 67. What is q(-12)?
-379
Let a(f) = -f**3 - 1292*f - 5183. Give a(-4).
49
Let n(p) = -6*p - 552. Calculate n(-19).
-438
Let h(m) = -5104*m - 5103. Determine h(-1).
1
Let c(g) = -g**2 + 102*g - 2606. Calculate c(50).
-6
Let o(h) = 2*h**2 + 38*h + 109. Give o(-16).
13
Let t(q) = 19*q**2 + 64*q - 3. Calculate t(-3).
-24
Let y(n) = -32*n - 92. Determine y(-14).
356
Let w(x) = x**3 + 62*x**2 - 135*x - 230. Calculate w(-64).
218
Let l(q) = -5*q + 91. Give l(-7).
126
Let t(j) = -29*j**2 + 187*j + 198. Give t(-1).
-18
Let b(k) = 3*k**2 + 60*k - 57. What is b(-21)?
6
Let p(k) = -51*k + 364. Give p(7).
7
Let b(w) = 2*w**2 - 21*w + 22. Determine b(7).
-27
Let h(z) = -z**3 - 22*z**2 + 123*z + 66. Calculate h(5).
6
Let q(z) = 3*z**2 - 25*z - 3. Calculate q(5).
-53
Let o(c) = 28*c - 1165. Give o(41).
-17
Let b(n) = 5*n**3 - 2*n**2 + 23*n - 45. What is b(2)?
33
Let h(l) = -6056*l - 6068. Calculate h(-1).
-12
Let t(k) = k**2 - 421*k - 19447. What is t(-42)?
-1
Let y(v) = 2*v**3 + 39*v**2 + 32*v - 67. Give y(-19).
-314
Let w(i) = -1979*i + 122686. Give w(62).
-12
Let g(i) = -i**3 + 8*i**2 + 62*i - 491. Give g(8).
5
Let o(n) = n**3 - 35*n**2 + 176*n - 8. Calculate o(29).
50
Let b(c) = -13*c + 535. Calculate b(72).
-401
Let b(s) = -38*s - 4837. Determine b(-128).
27
Let p(q) = q**2 - 71*q - 70313. Determine p(-232).
-17
Let z(q) = 41*q**2 - 655*q + 1597. Determine z(13).
11
Let c(v) = 162*v - 65. What is c(9)?
1393
Let v(p) = -p**2 + 4*p - 13. Determine v(5).
-18
Let s(m) = 12*m**3 + 121*m**2 + 10*m + 6. What is s(-10)?
6
Let w(d) = -160*d**3 + 1120*d**2 - 5*d + 31. Give w(7).
-4
Let a(t) = -3*t**2 - 92*t + 38. What is a(-31)?
7
Let y(b) = 239*b + 241. Give y(-1).
2
Let i(u) = -315*u + 2817. Calculate i(9).
-18
Let b(x) = x**3 - 13*x**2 + 4*x - 253. Calculate b(14).
-1
Let o(c) = 25*c + 466. Calculate o(-21).
-59
Let b(t) = -4*t**2 + 2*t - 2. Determine b(3).
-32
Let j(f) = f**2 + 10*f - 143. Give j(9).
28
Let z(j) = -j**3 + 19*j**2 - 25*j + 239. What is z(14)?
869
Let b(s) = -2327*s + 19. Give b(0).
19
Let d(c) = -2*c**2 - 29*c + 2. Calculate d(-14).
16
Let w(b) = 3*b**2 + 163*b - 496. Give w(3).
20
Let x(t) = 3*t**3 + 538*t**2 + 145*t - 6081. Determine x(-179).
5
Let d(q) = 3*q**3 + 14*q**2 + 47*q - 28. What is d(-6)?
-454
Let q(b) = b**3 - 2*b**2 - 5*b + 16. Determine q(2).
6
Let o(n) = n**3 + 50*n**2 - 2183*n + 20. Give o(28).
48
Let b(u) = 592*u + 2365. Calculate b(-4).
-3
Let k(f) = -2*f**2 - 116*f - 1174. What is k(-13)?
-4
Let z(k) = -k**2 - 322*k - 11057. Give z(-39).
-20
Let y(p) = 3*p**2 - 25*p + 131. Give y(10).
181
Let i(c) = -2*c**2 + 36*c - 104. Determine i(11).
50
Let o(q) = q**2 + 96*q + 359. Calculate o(-4).
-9
Let n(q) = -2*q**2 - q - 281. Give n(0).
-281
Let v(d) = d**3 + 7*d**2 + 23*d + 28. Determine v(-5).
-37
Let p(q) = -q**3 - 11*q**2 + 31*q + 232. Determine p(-12).
4
Let d(o) = 2*o**2 + 31*o + 13. What is d(-11)?
-86
Let a(n) = 54*n - 606. Calculate a(8).
-174
Let w(k) = -65*k - 226. Calculate w(-19).
1009
Let a(p) = 4*p**2 + 30*p - 4. Calculate a(-7).
-18
Let x(p) = -11*p**2 - 37*p - 85. Determine x(-3).
-73
Let z(x) = 47*x + 688. Determine z(-15).
-17
Let p(v) = -30*v - 182. Give p(-11).
148
Let d(b) = 212*b + 853. What is d(-4)?
5
Let o(v) = -27*v**2 + 102*v + 2. What is o(4)?
-22
Let k(l) = 52*l - 415. What is k(8)?
1
Let f(c) = -c**2 + 6*c + 342. Determine f(22).
-10
Let a(m) = 55*m + 330. Determine a(-6).
0
Let u(c) = 5*c**3 + 10*c**2 - 269*c - 277. What is u(-1)?
-3
Let i(u) = u**3 - 2*u + 125. Determine i(0).
125
Let m(n) = 4*n**2 + 6*n + 4. What is m(-2)?
8
Let p(w) = w**2 + 70*w - 886. Calculate p(11).
5
Let x(h) = 182*h + 73. What is x(1)?
255
Let u(b) = -b**3 - 27*b**2 - 44*b + 158. What is u(-25)?
8
Let s(y) = -6*y - 37. Give s(3).
-55
Let u(x) = -x**3 + 45*x**2 + 95*x - 53. What is u(47)?
-6
Let f(s) = -10744*s + 21499. Calculate f(2).
11
Let t(i) = -i**2 + 37*i + 517. Determine t(-15).
-263
Let m(v) = 4*v**2 - 5*v. Determine m(5).
75
Let u(f) = -3*f**3 - 256*f**2 - 95*f - 828. Determine u(-85).
22
Let b(c) = 3*c**2 - 239*c - 308. Determine b(81).
16
Let u(n) = -6*n + 208. Determine u(34).
4
Let p(u) = 10*u**2 + 6*u + 42. What is p(-5)?
262
Let z(o) = -8607*o - 34476. Determine z(-4).
-48
Let f(s) = 24*s - 670. Calculate f(22).
-142
Let p(k) = -4*k**2 + 132*k + 1875. Determine p(-11).
-61
Let k(z) = -2*z**3 - 2*z**2 + 4*z + 65. Determine k(0).
65
Let k(j) = 58*j + 12. Give k(-1).
-46
Let i(d) = 62*d - 362. Determine i(5).
-52
Let t(w) = -w**3 - 11*w**2 + 38*w - 5. Determine t(4).
-93
Let n(t) = -2*t**3 + 3*t**2 + 8*t - 7. Calculate n(3).
-10
Let o(x) = 2*x**2 + 12*x - 62. Calculate o(5).
48
Let v(q) = q**3 + 3*q**2 - 9*q - 37. Calculate v(-4).
-17
Let r(q) = 2*q**3 - 83*q**2 - 34*q + 52. Calculate r(42).
388
Let y(k) = 8*k**3 + k**2 - 260*k + 517. Calculate y(2).
65
Let n(w) = -6*w**2 - 48*w - 36. What is n(-8)?
-36
Let l(n) = 32*n - 2274. Give l(77).
190
Let c(j) = 361*j - 715. Give c(2).
7
Let y(h) = -2094*h + 2092. What is y(1)?
-2
Let x(m) = 36*m - 375. What is x(11)?
21
Let c(f) = -f**2 - 28*f + 341. Calculate c(-37).
8
Let i(s) = 14*s + 245. Determine i(-19).
-21
Let m(q) = -2*q**3 - 57*q**2 + 88*q - 48. Determine m(-30).
12
Let a(r) = r**2 + 27*r + 85. Determine a(-5).
-25
Let t(m) = -330*m - 5979. Determine t(-18).
-39
Let o(l) = l**2 - 10*l - 26. Calculate o(8).
-42
Let p(b) = -3*b + 48. Calculate p(-5).
63
Let i(j) = 147*j - 513. Give i(4).
75
Let z(u) = u**3 - 136*u**2 + 145*u - 1243. Give z(135).
107
Let q(j) = -j**3 - 6*j**2 - 44*j - 143. Determine q(-3).
-38
Let v(d) = 59*d + 858. Calculate v(-14).
32
Let o(w) = -w**2 - 22*w - 84. Determine o(-7).
21
Let y(d) = 4*d**3 - 5*d**2 - 7*d + 2. What is y(3)?
44
Let d(t) = 8*t - 243. What is d(18)?
-99
Let a(l) = 146*l + 3902. Determine a(-27).
-40
Let j(h) = -246*h + 3684. Determine j(15).
-6
Let p(b) = -2*b**3 + 55*b**2 + 38*b - 34. What is p(28)?
246
Let l(n) = -1603*n + 4835. Give l(3).
26
Let i(c) = -110*c - 1320. Calculate i(-12).
0
Let o(s) = -3*s**2 + 41*s - 133. Calculate o(7).
7
Let o(q) = -12006*q - 36005. Determine o(-3).
13
Let f(d) = 3*d**3 + 3*d**2 + 9*d + 18. Determine f(-3).
-63
Let x(s) = 16*s - 783. Calculate x(54).
81
Let y(b) = b**3 - 13*b**2 + 68*b + 11. Calculate y(7).
193
Let c(q) = q**3 - 18*q**2 - q - 25. Give c(6).
-463
Let h(i) = 12*i**2 - 63*i + 16. Determine h(5).
1
Let s(r) = r**2 + r - 27. Calculate s(-9).
45
Let l(f) = f**3 - 16*f**2 - 56*f - 33. Calculate l(19).
-14
Let m(n) = n**3 + 43*n**2 - 17*n - 657. What is m(-43)?
74
Let o(n) = 2*n**2 + 2015*n + 10024. Determine o(-5).
-1
Let w(t) = 35*t - 528. Calculate w(5).
-353
Let w(t) = 2*t**2 - 29*t - 1612. Give w(-22).
-6
Let y(i) = -5*i**2 + 2*i - 9. Give y(1).
-12
Let f(k) = 165*k - 847. What is f(5)?
-22
Let n(a) = a**2 - 22*a + 162. Determine n(13).
45
Let 